{"id":133,"date":"2017-12-17T10:06:43","date_gmt":"2017-12-17T10:06:43","guid":{"rendered":"https:\/\/wordpress.gradientthemes.com\/brand-shop\/about\/"},"modified":"2026-01-10T15:53:15","modified_gmt":"2026-01-10T20:53:15","slug":"about","status":"publish","type":"page","link":"https:\/\/www.ileneselekes.com\/index.php\/about\/","title":{"rendered":"Acerca de Nosotros"},"content":{"rendered":"\n<h2 class=\"wp-block-heading\">Acerca de Nosotros<\/h2>\n\n\n\n<p>\u00a1Hola! Soy Ilene, y mi pasi\u00f3n es crear <strong data-start=\"582\" data-end=\"636\">accesorios y detalles \u00fanicos llenos de significado<\/strong>. Cada pieza que dise\u00f1o \u2014 desde collares hasta ildes y art\u00edculos de religi\u00f3n \u2014 se hace con <strong data-start=\"727\" data-end=\"773\">amor, dedicaci\u00f3n y atenci\u00f3n a cada detalle<\/strong>.<\/p>\n\n\n\n<p>Creo en el poder de los objetos que nos conectan con nuestra fe y tradiciones, y me encanta ver c\u00f3mo cada cliente recibe un producto que no solo es bonito, sino tambi\u00e9n especial y lleno de energ\u00eda positiva.<\/p>\n\n\n\n<p>Gracias por visitar mi tienda, y por confiar en mi trabajo. Cada producto es hecho pensando en ti y en la importancia de los peque\u00f1os detalles que hacen la diferencia.<\/p>\n\n\n\n<p>\ud83d\udc9b Si tienes alguna idea o quieres un dise\u00f1o personalizado, \u00a1no dudes en escribirme! Me encanta crear piezas que cuenten tu historia.<\/p>\n\n\n\n<style>\/*! elementor - v3.5.3 - 28-12-2021 *\/<br \/>\n.elementor-widget-image{text-align:center}.elementor-widget-image a{display:inline-block}.elementor-widget-image a img[src$=\".svg\"]{width:48px}.elementor-widget-image img{vertical-align:middle;display:inline-block}<\/style>\n","protected":false},"excerpt":{"rendered":"<p>Acerca de Nosotros \u00a1Hola! Soy Ilene, y mi pasi\u00f3n es crear accesorios y detalles \u00fanicos llenos de significado. Cada pieza que dise\u00f1o \u2014 desde collares hasta ildes y art\u00edculos de religi\u00f3n \u2014 se hace con amor, dedicaci\u00f3n y atenci\u00f3n a cada detalle. Creo en el poder de los objetos que nos conectan con nuestra fe [&hellip;]<\/p>\n","protected":false},"author":1,"featured_media":0,"parent":0,"menu_order":0,"comment_status":"closed","ping_status":"closed","template":"elementor_header_footer","meta":{"footnotes":""},"class_list":["post-133","page","type-page","status-publish","hentry"],"_links":{"self":[{"href":"https:\/\/www.ileneselekes.com\/index.php\/wp-json\/wp\/v2\/pages\/133","targetHints":{"allow":["GET"]}}],"collection":[{"href":"https:\/\/www.ileneselekes.com\/index.php\/wp-json\/wp\/v2\/pages"}],"about":[{"href":"https:\/\/www.ileneselekes.com\/index.php\/wp-json\/wp\/v2\/types\/page"}],"author":[{"embeddable":true,"href":"https:\/\/www.ileneselekes.com\/index.php\/wp-json\/wp\/v2\/users\/1"}],"replies":[{"embeddable":true,"href":"https:\/\/www.ileneselekes.com\/index.php\/wp-json\/wp\/v2\/comments?post=133"}],"version-history":[{"count":2,"href":"https:\/\/www.ileneselekes.com\/index.php\/wp-json\/wp\/v2\/pages\/133\/revisions"}],"predecessor-version":[{"id":2581,"href":"https:\/\/www.ileneselekes.com\/index.php\/wp-json\/wp\/v2\/pages\/133\/revisions\/2581"}],"wp:attachment":[{"href":"https:\/\/www.ileneselekes.com\/index.php\/wp-json\/wp\/v2\/media?parent=133"}],"curies":[{"name":"wp","href":"https:\/\/api.w.org\/{rel}","templated":true}]}}