{"id":2461,"date":"2026-01-09T17:16:01","date_gmt":"2026-01-09T22:16:01","guid":{"rendered":"https:\/\/www.ileneselekes.com\/?post_type=product&#038;p=2461"},"modified":"2026-01-10T14:46:59","modified_gmt":"2026-01-10T19:46:59","slug":"ilde-de-obbatala-con-cierre-magnetico-de-acero-inoxidable","status":"publish","type":"product","link":"https:\/\/www.ileneselekes.com\/index.php\/producto\/ilde-de-obbatala-con-cierre-magnetico-de-acero-inoxidable\/","title":{"rendered":"Ilde de Obbatala con cierre magn\u00e9tico de acero inoxidable"},"content":{"rendered":"","protected":false},"excerpt":{"rendered":"<p>Ilde confeccionado con cuentas de cristal checo y la t\u00e9cnica del crochet con cuentas, en hilo 100% poli\u00e9ster de 8 cabos. su cierre es magn\u00e9tico de acero inoxidable.<\/p>\n","protected":false},"featured_media":2469,"comment_status":"closed","ping_status":"closed","template":"","meta":[],"product_brand":[],"product_cat":[112,69],"product_tag":[83,33,45,106,47],"class_list":{"0":"post-2461","1":"product","2":"type-product","3":"status-publish","4":"has-post-thumbnail","6":"product_cat-obbatala","7":"product_cat-iddes","8":"product_tag-brazalete","9":"product_tag-idde","10":"product_tag-ilde","11":"product_tag-obatala","12":"product_tag-obbatala","14":"first","15":"instock","16":"taxable","17":"shipping-taxable","18":"purchasable","19":"product-type-variable"},"_links":{"self":[{"href":"https:\/\/www.ileneselekes.com\/index.php\/wp-json\/wp\/v2\/product\/2461","targetHints":{"allow":["GET"]}}],"collection":[{"href":"https:\/\/www.ileneselekes.com\/index.php\/wp-json\/wp\/v2\/product"}],"about":[{"href":"https:\/\/www.ileneselekes.com\/index.php\/wp-json\/wp\/v2\/types\/product"}],"replies":[{"embeddable":true,"href":"https:\/\/www.ileneselekes.com\/index.php\/wp-json\/wp\/v2\/comments?post=2461"}],"wp:featuredmedia":[{"embeddable":true,"href":"https:\/\/www.ileneselekes.com\/index.php\/wp-json\/wp\/v2\/media\/2469"}],"wp:attachment":[{"href":"https:\/\/www.ileneselekes.com\/index.php\/wp-json\/wp\/v2\/media?parent=2461"}],"wp:term":[{"taxonomy":"product_brand","embeddable":true,"href":"https:\/\/www.ileneselekes.com\/index.php\/wp-json\/wp\/v2\/product_brand?post=2461"},{"taxonomy":"product_cat","embeddable":true,"href":"https:\/\/www.ileneselekes.com\/index.php\/wp-json\/wp\/v2\/product_cat?post=2461"},{"taxonomy":"product_tag","embeddable":true,"href":"https:\/\/www.ileneselekes.com\/index.php\/wp-json\/wp\/v2\/product_tag?post=2461"}],"curies":[{"name":"wp","href":"https:\/\/api.w.org\/{rel}","templated":true}]}}